 5103.
189
What is the highest common factor of 2191286 and 82?
82
Calculate the highest common factor of 30 and 65586.
6
What is the highest common divisor of 455154 and 42?
42
What is the greatest common factor of 5151 and 561?
51
What is the greatest common divisor of 379150 and 100?
50
What is the highest common factor of 862 and 33187?
431
Calculate the highest common divisor of 986661 and 351.
351
What is the greatest common factor of 4815376 and 16?
16
Calculate the highest common factor of 9625 and 175.
175
Calculate the greatest common factor of 168210 and 112.
14
What is the highest common factor of 143 and 5564?
13
Calculate the greatest common factor of 52 and 456716.
52
Calculate the highest common factor of 124 and 114700.
124
Calculate the highest common factor of 9033805 and 55.
55
What is the highest common factor of 1755 and 3380?
65
Calculate the highest common divisor of 288 and 367920.
144
What is the greatest common factor of 1941550 and 78?
26
What is the greatest common divisor of 970547 and 34?
17
Calculate the greatest common divisor of 22 and 699083.
11
What is the greatest common divisor of 12296 and 273480?
424
What is the greatest common factor of 89 and 421237?
89
What is the greatest common factor of 19284 and 36?
12
Calculate the greatest common divisor of 149754 and 48.
6
What is the greatest common divisor of 3564 and 21087?
297
Calculate the highest common divisor of 14 and 81613.
7
What is the highest common divisor of 320 and 393040?
80
What is the highest common divisor of 2144 and 384?
32
What is the highest common factor of 77575 and 10150?
725
Calculate the highest common factor of 10200 and 12495.
255
Calculate the greatest common factor of 22 and 1704.
2
Calculate the greatest common divisor of 313232 and 16.
16
What is the highest common divisor of 10906 and 19680?
82
What is the highest common divisor of 132471 and 2952?
369
Calculate the greatest common divisor of 60 and 50980.
20
Calculate the highest common factor of 41 and 1795267.
41
What is the greatest common divisor of 2008 and 13888?
8
What is the highest common factor of 150 and 6336000?
150
Calculate the highest common factor of 3277 and 7946.
29
What is the highest common factor of 350 and 536025?
175
What is the highest common factor of 9 and 234180?
9
Calculate the greatest common factor of 127644 and 132.
132
What is the highest common factor of 944 and 117941?
59
What is the greatest common divisor of 5658 and 92373?
123
Calculate the highest common factor of 7202 and 1456.
26
What is the greatest common factor of 5542 and 7446?
34
Calculate the highest common factor of 7560 and 2085.
15
Calculate the greatest common factor of 121 and 18293.
11
Calculate the greatest common divisor of 11 and 1054559.
11
What is the highest common divisor of 2208 and 36576?
96
Calculate the highest common factor of 104062 and 21.
7
Calculate the highest common factor of 44989 and 28.
7
What is the greatest common factor of 2623 and 1376?
43
What is the greatest common divisor of 60 and 39440?
20
Calculate the highest common divisor of 105 and 15960.
105
What is the greatest common divisor of 9465 and 315?
15
What is the highest common factor of 21855 and 2945?
155
Calculate the greatest common factor of 9 and 5479.
1
What is the greatest common factor of 2151 and 1673?
239
Calculate the greatest common divisor of 48 and 25104.
48
What is the highest common divisor of 192 and 17436?
12
What is the greatest common factor of 244 and 505263?
61
Calculate the highest common factor of 41295 and 165.
15
Calculate the greatest common factor of 301210 and 130.
130
Calculate the highest common divisor of 12100 and 380.
20
What is the greatest common divisor of 75 and 16325?
25
Calculate the highest common divisor of 3450 and 5250.
150
Calculate the highest common divisor of 4326 and 96.
6
Calculate the highest common divisor of 1610 and 365890.
70
What is the highest common divisor of 8477 and 2249?
173
Calculate the greatest common divisor of 577632 and 128.
32
What is the highest common factor of 702068 and 8?
4
What is the highest common factor of 101998 and 26?
26
What is the greatest common factor of 984618 and 4788?
342
Calculate the highest common divisor of 2828 and 5609338.
1414
Calculate the greatest common divisor of 1536 and 512.
512
Calculate the greatest common factor of 156864 and 672.
96
What is the highest common divisor of 52208 and 442?
26
What is the highest common divisor of 1242 and 612582?
138
What is the greatest common factor of 399 and 46816?
133
Calculate the greatest common divisor of 14948073 and 63.
63
What is the greatest common factor of 90036 and 943?
41
What is the highest common factor of 1100 and 358490?
110
Calculate the greatest common factor of 17 and 263143.
17
What is the highest common divisor of 9605 and 16320?
85
What is the highest common divisor of 864 and 1323?
27
What is the highest common divisor of 203 and 26831?
7
Calculate the greatest common factor of 9911 and 530.
53
Calculate the greatest common divisor of 33971 and 92.
23
What is the greatest common factor of 16926 and 65702?
182
What is the greatest common divisor of 1686685 and 231?
77
Calculate the highest common divisor of 10300 and 500.
100
What is the highest common factor of 7427 and 7?
7
What is the greatest common divisor of 123801 and 435?
87
Calculate the greatest common divisor of 26040 and 88.
8
Calculate the greatest common factor of 29984 and 96.
32
What is the highest common divisor of 1100 and 1023550?
550
Calculate the greatest common factor of 14265 and 89711.
317
What is the highest common factor of 629166 and 798?
114
What is the greatest common factor of 21296 and 66?
22
What is the highest common factor of 119637 and 168?
21
What is the highest common divisor of 3900174 and 6?
6
Calculate the greatest common factor of 7986 and 29601.
33
Calculate the greatest common factor of 28671 and 2337.
57
What is the greatest common factor of 76450 and 14850?
550
Calculate the greatest common divisor of 48 and 270064.
16
Calculate the greatest common divisor of 2656 and 20833.
83
Calculate the highest common factor of 19685 and 119195.
155
What is the greatest common divisor of 231525 and 910?
35
What is the greatest common divisor of 17 and 1088?
17
What is the highest common factor of 984 and 32554?
82
Calculate the greatest common factor of 488 and 6260.
4
Calculate the greatest common divisor of 369 and 31.
1
What is the greatest common divisor of 192 and 286784?
64
What is the highest common factor of 32 and 3232?
32
What is the highest common divisor of 1810 and 11740?
10
Calculate the highest common divisor of 13123 and 22.
11
What is the greatest common factor of 2423507 and 133?
19
What is the highest common divisor of 515680 and 1200?
80
Calculate the greatest common divisor of 3861 and 351.
351
Calculate the greatest common divisor of 185 and 16576.
37
Calculate the highest common factor of 13136 and 43513.
821
Calculate the highest common factor of 36 and 3184.
4
What is the greatest common divisor of 123145 and 1?
1
What is the highest common divisor of 27 and 473607?
27
What is the greatest common factor of 81 and 5022?
81
What is the highest common divisor of 1066664 and 9664?
1208
Calculate the greatest common divisor of 137406 and 6.
6
What is the greatest common divisor of 3171760 and 2296?
328
Calculate the greatest common divisor of 486 and 78.
6
Calculate the highest common divisor of 18 and 120762.
18
Calculate the greatest common divisor of 44838 and 3021.
159
What is the highest common factor of 270 and 15900?
30
What is the highest common factor of 25628 and 98042?
298
What is the highest common divisor of 778510 and 30?
10
What is the highest common factor of 531462 and 3030?
606
What is the highest common factor of 7316478 and 234?
234
What is the highest common factor of 29564 and 190?
38
Calculate the greatest common divisor of 1920 and 8664.
24
Calculate the highest common divisor of 396 and 28188.
36
What is the highest common factor of 539 and 14504?
49
What is the highest common factor of 180 and 562572?
36
Calculate the greatest common factor of 13686 and 150.
6
Calculate the highest common divisor of 10 